 = 35*k - 611. Suppose k*y - 39*y - 451 = 0. What is the remainder when y is divided by j?
20
Suppose 0 = 3*t + 4*m - 135 - 319, -4*m = 4*t - 600. Calculate the remainder when t is divided by 31/4 - (-9)/36.
2
Suppose 113 + 378 = -5*i - d, i = 5*d - 119. Let n = i - -136. What is the remainder when 146 is divided by n?
35
Let f(q) = -q**3 - 9*q**2 + 7*q - 12. Suppose -5*o = -2*g - 4 - 23, 4*o = g + 21. What is the remainder when ((-53)/o)/((-10)/50) is divided by f(-10)?
17
Let s(l) = l**3 - 6*l**2 - 2*l + 7. What is the remainder when (11/(-66))/(6 + ((-497035)/7530)/11) is divided by s(7)?
41
Let t(s) = 210*s**3 + 3*s**2 + s - 1. Let p be t(1). Let n = 275 - p. Calculate the remainder when n is divided by (6/8)/(2/56).
20
Suppose 0*h + 12 = 3*h. Suppose 6*r = 549 - 117. Let t = h + r. What is the remainder when t is divided by 26?
24
Suppose -2*w - f + 138 = 0, -10*w + 7*w + 2*f + 207 = 0. Calculate the remainder when 1508 is divided by w.
59
Let m(s) = 2*s**3 - 4*s**2 - 24*s + 1. Let y be m(7). Let i = y - 254. Calculate the remainder when 412 is divided by i.
67
Let o(u) = -14*u**2 - 4*u - 2. Let k(b) = b**2 + 3*b - 1. Let t be k(-3). Let v be o(t). Let c = v - -28. What is the remainder when 40 is divided by c?
8
Suppose -5*s + 486 = 3*h, 4*h - 5*s - 122 = 3*h. Calculate the remainder when h is divided by 17.
16
Suppose 50*o = 60*o - 1400. Calculate the remainder when 517 is divided by o.
97
Suppose -5*q = 2*h - 5*h - 39, 3*h - 42 = -4*q. Suppose 73*u - 492 = 311. What is the remainder when u is divided by ((-2)/3)/((-3)/q)?
1
Let x be (0*4/(-4))/1. Suppose -6*l + 14*l - 112 = x. What is the remainder when l is divided by (-592)/(-72) + 4/(-18)?
6
Suppose -367*z + 395*z = 262 + 690. What is the remainder when 1786 is divided by z?
18
Let r = -10 - -13. Suppose -r*b + 91 = 4*o, 5*b + 2*o = 151 - 4. Let s = b - -14. What is the remainder when s is divided by 17?
9
Suppose 2*i - 101 = 95. Suppose 650*l - 657*l + i = 0. What is the remainder when 150 is divided by l?
10
What is the remainder when 490 is divided by 33*((-287)/(-28) - 10)*32/6?
6
Suppose -5*n + 641 = -4*g, 0 = -8*n + 10*n - 4*g - 242. What is the remainder when 1723 is divided by n?
127
Suppose 56*a = 16157 + 26963. Calculate the remainder when a is divided by 196.
182
What is the remainder when 45/105*(-7777)/(-33) is divided by 16/(0 - -1) - 1?
11
Let t = -44 - -63. Calculate the remainder when t is divided by (1 + -20)*(-27 - (-68 + 42)).
0
Let m = -321 + 185. Calculate the remainder when 9 is divided by (m/(-119))/(2/14).
1
Let q = -61 - -35. Let k = -6 - q. Suppose 0 = -10*o + 2*o + 608. What is the remainder when o is divided by k?
16
Suppose -2*l + 12 = -4. Let c(p) = -p**3 - 6*p**2 + 13*p - 3. Suppose 12*z + 184 = -11*z. Calculate the remainder when c(z) is divided by l.
5
Let c(q) be the second derivative of 0 - 1/12*q**4 + 5/2*q**2 - 1/3*q**3 - 1/20*q**5 - 21*q. What is the remainder when 24 is divided by c(0)?
4
Suppose 0 = -5*i + i + 572. Let t = -157 - -161. Suppose -8*z + 104 = 4*q - t*z, 4*z = 5*q - 157. What is the remainder when i is divided by q?
27
Let r = 110 + -57. Let t = -31 + r. Calculate the remainder when ((-126260)/(-50))/59*10/4 is divided by t.
19
Let z be (-1)/2 + (-153)/(-34). Suppose 0 = -2*y - z*a + 30 + 28, -3*y + 4*a + 37 = 0. What is the remainder when y is divided by 7?
5
Let h(j) = j + 10. Calculate the remainder when 10/(-3)*(1854/(-90) + 17) is divided by h(-7).
0
Let b(h) = -325*h + 22. Let t = -459 - -456. Calculate the remainder when b(t) is divided by 111.
109
Suppose -r + 29 = 83. Let d = r - -45. Let v(j) = j**3 + 11*j**2 + 12*j - 13. Calculate the remainder when v(d) is divided by 22.
19
Suppose 0 = -4*m - 28 + 36. Suppose -m*y + 31*z = 34*z - 43, 0 = 4*z + 4. Calculate the remainder when 154 is divided by y.
16
Suppose 2 = 2*x - 2. Suppose x*m - 380 = -2*t, -m - 1 + 3 = 0. What is the remainder when t is divided by 64?
60
Suppose 46 = 6*m - 68. Suppose 4*n - 14 = -q, 3*n = n - 2*q + 10. Suppose g - 5 = 2*f, -n*g = -3*f + 6*f - 42. What is the remainder when m is divided by g?
8
Let g(n) be the third derivative of n**5/60 + n**4/12 - n**3/3 + 45*n**2. Calculate the remainder when 3 is divided by g(1).
0
Let u be (-42)/(-8) - 2/8. Let r = 13 - u. Suppose 113*z + 16599 = 12651 + 8920. Calculate the remainder when z is divided by r.
4
Suppose 6 - 66 = -15*o. Suppose 3*c - 31 = -5*y + 65, -y = o*c - 26. Calculate the remainder when 143 is divided by y.
17
Let m be (-4)/(7/((-14)/(-4))). Suppose 4*t - 63 = 5*r + 158, 4*t - 2*r = 230. What is the remainder when t is divided by (8 + m)*(-32)/(-6)?
27
Let j = -97 + 95. Let g be ((-27)/6*j/(-3))/1. Calculate the remainder when 3 + g + 51 + -1 is divided by 14.
8
Suppose 0 = 4*q - 50 - 30. Calculate the remainder when (1016/(-32))/((-2)/8) is divided by q.
7
Let m(h) = h + 2. Let u(x) = 17*x + 74. Let a(t) = 4*m(t) - u(t). What is the remainder when 46 is divided by a(-7)?
21
Let j = -1633 + 2469. Calculate the remainder when 1688 is divided by j.
16
Let w(y) = y**3 + 40*y**2 + 66*y - 71. Let j be w(-38). Suppose 9*o = 123 + j. Calculate the remainder when o is divided by 13.
9
Let s be 30/(5/(-4) - 198/(-88)). What is the remainder when (s*(-4)/(-84))/((-1)/(-7)) is divided by 10?
0
Let f = 1048 + -688. Let i(h) = -h**3 + 2*h**2 + 13*h - 6. What is the remainder when (-4)/(-1) - f/(-10) is divided by i(4)?
12
Suppose -5*i - 10 = -5*y, 2*i + 13 = -0*i + 5*y. Let q = 35 - i. What is the remainder when 101 is divided by q?
33
Suppose -151*q - 225 = -154*q. What is the remainder when 167 is divided by q?
17
Let i = 8947 + -8917. Calculate the remainder when 247 is divided by i.
7
Let h(d) = -467*d - 6524. What is the remainder when 126 is divided by h(-14)?
0
Let c = -2461 - -2530. What is the remainder when 101 is divided by c?
32
Let v = 150 + -135. What is the remainder when (-10)/4*(-492)/v is divided by 17?
14
Let u = 20 - 16. Suppose -40 = -u*l - 4*l. Suppose -l*f - 69 = -4*c - 4*f, f - 43 = -3*c. Calculate the remainder when 29 is divided by c.
13
Let q be 58551/12 - ((-18)/24 + 1). Suppose 3*d + 14*d - q = 0. What is the remainder when d is divided by 16?
15
Suppose 0 = -d - 31*c + 26*c + 132, -3*c = 4*d - 426. Let o = 46 - 18. Calculate the remainder when d is divided by o.
18
Let s be (-414)/(-2)*4/3. Let b = 673 - 573. Suppose 2*z - 4*x = b, -3*z - 2*z + s = 3*x. What is the remainder when z is divided by 28?
26
Let t(p) = -16*p**3 + p + 3. Let b be t(-2). Let k = b - 192. Let x = k - -97. Calculate the remainder when x is divided by 13.
8
Suppose -2*i = 3*d - 16636, 5*i - 1385 - 9691 = -2*d. What is the remainder when d is divided by 185?
183
Suppose 0 = -z - f + 1020, -128 - 3960 = -4*z - 2*f. Suppose -111 = -3*r - 2*n + 120, 0 = -3*r - n + 234. Calculate the remainder when z is divided by r.
76
Suppose -253 = -2*a - 5*l + 111, 4*a = l + 640. Calculate the remainder when 1272 is divided by a.
138
Let i = 9314 + -9228. Calculate the remainder when 1714 is divided by i.
80
Let w = 141 - 70. Suppose 407 = 7*n - 13. Let s = 85 - n. Calculate the remainder when w is divided by s.
21
Let v = -30058 - -30635. Calculate the remainder when v is divided by 40.
17
Let r = -85 - -80. Let q(p) = 4*p**2 + 5*p - 24. Calculate the remainder when q(r) is divided by 44.
7
Let u(h) = 9*h - 41*h + 1 + 0. Suppose 2*l = -l - 3*b, 4*l + 2*b + 2 = 0. What is the remainder when 98 is divided by u(l)?
32
Let z = 23 + -2. Let l = z - -28. Let h = 1221 - 1204. Calculate the remainder when l is divided by h.
15
Let n(d) = -47*d + 2059. Calculate the remainder when n(35) is divided by 210.
204
Let i(y) = 62*y - 1121. Calculate the remainder when 599 is divided by i(19).
29
Suppose -151 = -27*y + 119. Calculate the remainder when 109/(4/48*4) is divided by y.
7
Let z = 64 + -62. Let l be ((-1062)/27)/(3/(-9)*z). Suppose -r - 4*m + 52 = 0, 3*m + l = -5*r + 353. Calculate the remainder when r is divided by 32.
28
Suppose -46*b + 27*b = -37*b + 82260. Calculate the remainder when b is divided by 9.
7
Let n(g) = -9*g. Let a be n(-4). Suppose 9*w - a = -3*w. Suppose b = -2*i + 13, b - w*i + 2*i + 2 = 0. What is the remainder when 11 is divided by b?
2
Let c = -1421 + 1425. Let b = -77 + 108. Suppose -2*j + b = 5